
270
Calculate the highest common divisor of 264541 and 6731.
127
What is the greatest common divisor of 1944380 and 3880?
20
Calculate the highest common factor of 12540 and 1471740.
1140
Calculate the greatest common factor of 98633903 and 12406.
6203
Calculate the highest common divisor of 2072413 and 1715287.
5411
What is the highest common factor of 10573155 and 225?
45
What is the greatest common divisor of 1308101634 and 126?
126
Calculate the highest common factor of 239 and 4184651.
239
What is the greatest common divisor of 360923200 and 640?
320
What is the highest common divisor of 65733558 and 858?
66
Calculate the highest common factor of 167201542 and 894.
298
What is the highest common factor of 890066894 and 6023?
6023
Calculate the greatest common divisor of 6881690 and 847354.
4898
What is the highest common factor of 11780880 and 3438?
1146
What is the greatest common factor of 161745901 and 1993?
1993
Calculate the greatest common divisor of 1220865 and 60123.
1227
Calculate the greatest common divisor of 8240497 and 22899.
449
What is the greatest common divisor of 120 and 200949816?
24
What is the greatest common factor of 844 and 8210?
2
What is the highest common factor of 1891242 and 1026?
54
Calculate the highest common factor of 792 and 20283.
3
Calculate the highest common divisor of 139355 and 1005135.
2965
Calculate the greatest common divisor of 19502 and 8597596.
2786
Calculate the highest common factor of 18 and 3491712.
18
Calculate the greatest common divisor of 1378709 and 1333.
43
Calculate the greatest common divisor of 38859 and 2094.
3
What is the highest common factor of 228 and 2321173?
19
What is the highest common factor of 591513010 and 22?
22
What is the greatest common divisor of 2497455 and 50730?
285
What is the greatest common factor of 842358866 and 830?
166
What is the greatest common divisor of 11949 and 328881?
21
What is the greatest common factor of 21252 and 122046372?
1932
What is the greatest common divisor of 297767 and 2573849?
4079
What is the greatest common divisor of 12198 and 14195508?
114
Calculate the highest common factor of 236698845 and 15.
15
What is the greatest common divisor of 4424523 and 23471?
479
Calculate the highest common factor of 3552 and 847448.
296
Calculate the highest common factor of 11474822 and 35644.
2546
What is the greatest common divisor of 1353558 and 778101?
1299
Calculate the greatest common divisor of 1118109114 and 2952.
738
Calculate the highest common factor of 133909893 and 117.
117
What is the highest common divisor of 147560 and 143395?
595
Calculate the greatest common factor of 32142282 and 526.
526
Calculate the highest common factor of 47197 and 177097.
433
Calculate the highest common divisor of 320 and 379906000.
80
Calculate the highest common divisor of 2 and 5363110.
2
Calculate the highest common divisor of 2958 and 270814267.
493
Calculate the highest common factor of 11177988 and 48.
12
What is the highest common divisor of 24780 and 34059060?
420
Calculate the highest common divisor of 60 and 18398928.
12
Calculate the highest common divisor of 17764 and 102271789.
4441
What is the greatest common factor of 7490230 and 14167?
457
Calculate the highest common factor of 166990340 and 5060.
220
Calculate the highest common factor of 43443 and 181710.
27
Calculate the highest common divisor of 57977540 and 20.
20
What is the greatest common factor of 84 and 1045542?
6
What is the greatest common factor of 5637852 and 23276?
1012
Calculate the highest common factor of 12361263 and 789.
789
What is the highest common factor of 13 and 26689546?
13
What is the highest common factor of 984325 and 125?
25
What is the highest common divisor of 3 and 8764269?
3
What is the greatest common divisor of 1263663 and 2160?
9
Calculate the greatest common divisor of 33104976 and 519816.
4296
What is the greatest common factor of 25072615 and 2019?
673
Calculate the greatest common divisor of 16 and 346615952.
16
Calculate the greatest common factor of 44543 and 127.
1
What is the greatest common divisor of 221 and 851357?
13
Calculate the highest common factor of 38973 and 22855893.
3543
What is the highest common factor of 84767392 and 160?
32
Calculate the highest common divisor of 39838594 and 8.
2
Calculate the greatest common factor of 1179990522 and 339.
339
What is the greatest common divisor of 3408108833 and 373?
373
What is the highest common divisor of 3318 and 82362?
42
Calculate the greatest common divisor of 156273701 and 939.
313
Calculate the highest common factor of 1458 and 169281.
9
What is the greatest common factor of 4550 and 1543?
1
What is the highest common factor of 22336146 and 798392?
3766
What is the highest common factor of 771 and 144537828?
771
What is the greatest common factor of 631532 and 704?
44
What is the highest common divisor of 3016 and 943631?
377
What is the highest common factor of 224 and 3767792?
112
Calculate the greatest common factor of 9502816 and 26240.
1312
Calculate the greatest common factor of 61790 and 1551410.
370
What is the greatest common divisor of 28921014 and 234?
18
Calculate the greatest common factor of 6174059 and 6597.
733
Calculate the highest common factor of 391 and 5881169.
23
Calculate the highest common divisor of 14253294 and 44.
22
Calculate the highest common factor of 11886 and 7875.
21
Calculate the greatest common divisor of 265736 and 24209.
563
Calculate the highest common divisor of 12875779 and 3479.
3479
Calculate the highest common divisor of 1039012 and 13520.
676
What is the greatest common factor of 67630545 and 243?
243
What is the greatest common factor of 5 and 683603555?
5
Calculate the highest common divisor of 2825 and 17585825.
25
Calculate the greatest common factor of 120636517 and 1.
1
Calculate the highest common divisor of 18274720 and 40.
40
Calculate the greatest common factor of 1647335 and 68520.
2855
Calculate the highest common factor of 3 and 12034116.
3
Calculate the highest common divisor of 10 and 4351273.
1
What is the highest common factor of 260277 and 404?
101
What is the highest common factor of 569137295 and 2005?
2005
Calculate the highest common factor of 942181 and 4611.
1537
What is the greatest common factor of 102 and 12658353?
51
What is the greatest common divisor of 833 and 703579?
17
Calculate the highest common divisor of 271960 and 20088.
8
Calculate the greatest common divisor of 10 and 5796.
2
What is the greatest common divisor of 733116 and 29452?
796
What is the greatest common factor of 1228338 and 8514?
774
Calculate the highest common factor of 102100848 and 28.
4
What is the greatest common divisor of 168 and 166613352?
24
Calculate the highest common factor of 528 and 1393338672.
528
What is the highest common divisor of 320 and 225071680?
320
What is the greatest common factor of 16351 and 183181?
83
Calculate the highest common divisor of 24097682 and 77.
7
Calculate the highest common factor of 74806819 and 114.
19
Calculate the highest common factor of 8569437 and 5960.
149
What is the highest common divisor of 4509 and 27540?
27
What is the greatest common factor of 170679243 and 2982?
1491
What is the greatest common divisor of 15903 and 50085729?
513
Calculate the highest common factor of 174592 and 259501.
341
Calculate the greatest common divisor of 5338 and 4391918.
314
What is the greatest common divisor of 59195146 and 828?
46
What is the highest common factor of 3350 and 6243730?
670
Calculate the greatest common divisor of 28005 and 1435723.
1867
Calculate the highest common divisor of 6560626 and 2.
2
What is the greatest common factor of 306235 and 525965?
365
Calculate the highest common divisor of 11627415 and 59985.
1935
Calculate the highest common divisor of 80 and 52727065.
5
What is the highest common divisor of 5959 and 3543799423?
5959
What is the greatest common factor of 11907 and 8455941?
27
What is the highest common factor of 10467 and 894583089?
10467
Calculate the highest common factor of 380614 and 117676.
26
What is the highest common divisor of 468 and 78834600?
468
What is the highest common divisor of 90 and 265812060?
30
What is the greatest common factor of 116 and